 2486333
List the prime factors of 3841921080.
2, 3, 5, 139, 76777
What are the prime factors of 704806995?
3, 5, 17, 19, 145471
What are the prime factors of 44589112?
2, 53, 103, 1021
List the prime factors of 209873040.
2, 3, 5, 13, 137, 491
List the prime factors of 105962913.
3, 7, 251, 6701
What are the prime factors of 371827930?
2, 5, 37182793
What are the prime factors of 55333047?
3, 7, 11, 31, 7727
List the prime factors of 48807980.
2, 5, 13, 131, 1433
What are the prime factors of 1906443768?
2, 3, 1301, 61057
What are the prime factors of 319572849?
3, 109, 757, 1291
List the prime factors of 155094569.
7, 293, 75619
What are the prime factors of 30661979?
30661979
List the prime factors of 839217702.
2, 3, 131, 1067707
What are the prime factors of 204050272?
2, 19, 335609
List the prime factors of 79166550.
2, 3, 5, 97, 5441
What are the prime factors of 136666987?
136666987
List the prime factors of 303794303.
71, 257, 16649
What are the prime factors of 680126062?
2, 7, 11, 131, 33713
List the prime factors of 673893564.
2, 3, 56157797
List the prime factors of 383215510.
2, 5, 4099, 9349
List the prime factors of 168896693.
7, 113, 213523
List the prime factors of 6580841195.
5, 53, 241, 103043
What are the prime factors of 992056974?
2, 3, 131, 239, 5281
What are the prime factors of 1592914347?
3, 67, 2641649
List the prime factors of 1148425587.
3, 42534281
List the prime factors of 74704276.
2, 19, 23, 42737
List the prime factors of 1379598353.
7, 29, 1283, 5297
List the prime factors of 331475774.
2, 7, 23676841
List the prime factors of 22109373.
3, 11, 13, 41, 419
What are the prime factors of 93657351?
3, 1021, 30577
List the prime factors of 3344170633.
3344170633
List the prime factors of 2097531991.
653, 3212147
List the prime factors of 194548127.
194548127
What are the prime factors of 104113270?
2, 5, 17, 257, 2383
List the prime factors of 31347815.
5, 19, 329977
What are the prime factors of 5931676?
2, 1482919
What are the prime factors of 6964525964?
2, 11, 181, 239, 3659
List the prime factors of 1652813788.
2, 61, 6773827
What are the prime factors of 787060668?
2, 3, 6271, 10459
List the prime factors of 37371172.
2, 41, 227873
List the prime factors of 17265765.
3, 5, 11, 269, 389
What are the prime factors of 700098751?
11, 5347, 11903
List the prime factors of 97160436.
2, 3, 211, 12791
What are the prime factors of 493240446?
2, 3, 27402247
What are the prime factors of 403050334?
2, 7321, 27527
What are the prime factors of 609782824?
2, 7, 1277, 8527
What are the prime factors of 7959613015?
5, 1591922603
List the prime factors of 577546910.
2, 5, 41, 1408651
List the prime factors of 806797150.
2, 5, 16135943
List the prime factors of 643843238.
2, 321921619
List the prime factors of 778192627.
127, 6127501
What are the prime factors of 325045096?
2, 277, 146681
What are the prime factors of 73656367?
59, 1248413
What are the prime factors of 136260653?
97, 1404749
What are the prime factors of 1791160846?
2, 895580423
What are the prime factors of 194722449?
3, 5011, 12953
What are the prime factors of 24994544?
2, 1562159
What are the prime factors of 13904530?
2, 5, 59, 23567
List the prime factors of 104672594.
2, 13, 167, 24107
List the prime factors of 2055382863.
3, 31, 2689, 8219
What are the prime factors of 133592019?
3, 11, 4048243
What are the prime factors of 976686705?
3, 5, 3989, 5441
List the prime factors of 74851273.
7, 1527577
List the prime factors of 212251938.
2, 3, 35375323
List the prime factors of 47556171.
3, 13, 89, 4567
List the prime factors of 79283853.
3, 11, 9887
List the prime factors of 46750110.
2, 3, 5, 11, 141667
List the prime factors of 191386004.
2, 4969, 9629
What are the prime factors of 724830356?
2, 163, 1111703
What are the prime factors of 439589564?
2, 109897391
What are the prime factors of 953509?
211, 4519
What are the prime factors of 1347137965?
5, 269427593
List the prime factors of 754417552.
2, 7, 6735871
What are the prime factors of 1107060233?
1107060233
What are the prime factors of 11181996?
2, 3, 7, 2113
List the prime factors of 944645263.
449, 2103887
What are the prime factors of 331736312?
2, 6359, 6521
What are the prime factors of 1469336262?
2, 3, 73, 3354649
List the prime factors of 1202352935.
5, 7, 4907563
What are the prime factors of 21849400?
2, 5, 107, 1021
List the prime factors of 3478249070.
2, 5, 347824907
List the prime factors of 5255852.
2, 7, 337, 557
What are the prime factors of 1578119469?
3, 17, 107071
What are the prime factors of 130443779?
919, 141941
List the prime factors of 572137370.
2, 5, 7, 41, 311, 641
What are the prime factors of 41514042?
2, 3, 359, 19273
What are the prime factors of 1236150246?
2, 3, 41, 122561
List the prime factors of 15837186.
2, 3, 61, 43271
What are the prime factors of 1780962474?
2, 3, 769, 385991
What are the prime factors of 88030603?
88030603
What are the prime factors of 997161899?
997161899
List the prime factors of 5128294955.
5, 7, 146522713
List the prime factors of 413113609.
131, 433, 7283
List the prime factors of 16757203.
16757203
What are the prime factors of 5599472?
2, 349967
What are the prime factors of 38599476?
2, 3, 53, 137, 443
List the prime factors of 63088674.
2, 3, 11, 67, 1297
List the prime factors of 582388230.
2, 3, 5, 19412941
List the prime factors of 3995555126.
2, 1997777563
List the prime factors of 72098277.
3, 89, 270031
List the prime factors of 3945093554.
2, 41, 2113, 22769
List the prime factors of 46031984.
2, 19, 53, 2857
List the prime factors of 2517616.
2, 157351
List the prime factors of 344964609.
3, 11, 1161497
What are the prime factors of 1532622430?
2, 5, 153262243
List the prime factors of 624526966.
2, 7, 67, 809, 823
List the prime factors of 806716176.
2, 3, 7, 83, 28927
What are the prime factors of 6603597740?
2, 5, 1907, 173141
List the prime factors of 2637099280.
2, 5, 5153, 6397
List the prime factors of 28102807.
28102807
List the prime factors of 7299061165.
5, 11, 173, 767111
What are the prime factors of 889831542?
2, 3, 47, 1619, 1949
What are the prime factors of 161715757?
7, 2089, 11059
What are the prime factors of 3708669?
3, 17, 72719
List the prime factors of 4735707867.
3, 11, 17, 2813849
What are the prime factors of 41436554?
2, 20718277
What are the prime factors of 95463583?
251, 380333
List the prime factors of 257830147.
223, 647, 1787
List the prime factors of 14775926.
2, 11, 671633
List the prime factors of 26455668.
2, 3, 193, 11423
What are the prime factors of 692380077?
3, 47, 67, 73291
List the prime factors of 20828734.
2, 409, 25463
What are the prime factors of 1782717834?
2, 3, 1531, 194069
List the prime factors of 20637945.
3, 5, 458621
What are the prime factors of 46165994?
2, 7, 3297571
What are the prime factors of 6226691092?
2, 6257, 248789
List the prime factors of 259458949.
259458949
What are the prime factors of 330845679?
3, 211, 174221
List the prime factors of 2580254151.
3, 317, 1009, 2689
List the prime factors of 29916000.
2, 3, 5, 277
What are the prime factors of 1318844815?
5, 19, 13882577
List the prime factors of 223483311.
3, 443, 56053
What are the prime factors of 318233401?
61, 5216941
List the prime factors of 337260308.
2, 7, 11, 149, 7349
List the prime factors of 250428780.
2, 3, 5, 7, 97, 683
What are the prime factors of 121079804?
2, 30269951
What are the prime factors of 956582407?
11, 31, 2805227
List the prime factors of 1630043401.
7, 232863343
What are the prime factors of 195022212?
2, 3, 7, 11, 211063
List the prime factors of 11758666.
2, 5879333
List the prime factors of 90084601.
263, 342527
What are the prime factors of 411864918?
2, 3, 1553, 44201
List the prime factors of 50616919.
29, 41, 42571
List the prime factors of 473374148.
2, 13, 9103349
What are the prime factors of 137120382?
2, 3, 7, 151, 7207
What are the prime factors of 538581083?
538581083
What are the prime factors of 3380205526?
2, 19, 88952777
What are the prime factors of 262476371?
262476371
What are the prime factors of 724751012?
2, 11369, 15937
List the prime factors of 12933085.
5, 11, 21377
List the prime factors of 341875918.
2, 97, 1762247
List the pri